ne d(-3).
1
Let w(f) = 4*f**2 + 0*f + 4*f - 3*f**2 - 3*f. Let z(v) = v**3 + 4*v**2 - v - 4. Let k be z(-4). What is w(k)?
0
Let i(m) = 2*m**2 - 7*m + 2*m - 4 + 2*m**3 - 2*m. Let b(v) = -v**3 - v**2 + 3*v + 2. Let r(a) = 5*b(a) + 2*i(a). Let s = -19 - -17. Calculate r(s).
4
Let s be (-15)/20 - 55/(-20). Let y(p) = p**2 + 2*p - 1. Calculate y(s).
7
Let f(q) = q**2 - q - 9. Suppose 25 = 2*m + 3*m. Let j(w) = w - 3. Let a be j(m). Suppose -g + k - 2 + 1 = 0, -2*k = -g - a. Calculate f(g).
-9
Let x(l) = 3*l - 1. Let k(d) = d**3 + d**2 - 14*d - 6. Let g be k(-4). Determine x(g).
5
Let h(z) = -z - 2. Let c = -6 - -12. Suppose 2*p = -2*q - 4, 2*p - 20 = -2*q + c*q. Give h(q).
2
Let o(i) = 3*i**2 + 7*i + 3. Suppose 0 = 2*c - 2*w - 18, -4*c + 28 = -2*w. Let g(t) = 4*t**2 + 10*t + 4. Let q(z) = c*g(z) - 7*o(z). Determine q(0).
-1
Suppose -y + 4*v - 29 = 0, 2*v = 4*y + 67 - 21. Let d be ((-6)/(-9) + -1)*y. Let c(m) = -3*m - 2*m - d + 8*m. What is c(2)?
3
Let p be -3 - (-8 + 2 - -1). Let s(g) = -5*g**2 - 2*g + 1. Let j(o) = -5*o**2 - 2*o + 1. Let u(q) = p*j(q) - 3*s(q). Determine u(1).
6
Let c(t) = 2*t - 6. Let j = 41 - 25. Suppose 0 = 5*x + 3*q - j, -2*x + 6*x = 3*q + 29. Determine c(x).
4
Suppose 3*r - 6 = 5*v + 34, 0 = 2*r + 5*v + 15. Suppose 4*f - 3 = f + u, 2*f + 5*u = -15. Let k(s) = -10 - s + f + r. Give k(0).
-5
Let a(c) = c + c - c - 2*c + 2. Let b be a(8). Let u(z) = 7*z**2 + z**3 + 7*z + 1 + 8*z**2 - 8*z**2. Determine u(b).
-5
Suppose 4*k + 0*y = y + 18, -4*y = k - 13. Let v = -2 + 9. Let r(b) = 2*b - v*b + 3*b + b. Calculate r(k).
-5
Let k be (-165)/(-12) + (-2)/(-8). Let s = k - 11. Let o(j) = -10*j**2 + 6*j + 12. Let g(h) = -7*h**2 + 4*h + 8. Let q(w) = -7*g(w) + 5*o(w). Calculate q(s).
1
Let q(p) be the third derivative of p**5/60 + p**4/4 - 5*p**3/3 + 9*p**2. Determine q(-7).
-3
Let b(g) = g**2 + 2*g - 6. Let i be (-3)/6*(-10)/(-1). Give b(i).
9
Let p(k) = k + 3. Let b(j) = 5*j - 2. Let m be b(1). Give p(m).
6
Let v be -2 + 1 - (-5 + -2). Suppose 0*m = m + 4*j + v, j = -1. Let q be m/(-6) + 10/6. Let f(o) = -o**3 + 2*o**2 - 1. Determine f(q).
-1
Let b(a) be the second derivative of -a**3/6 + 3*a**2/2 - a. Let k = -26 - -33. Suppose k = 4*h - 5. Calculate b(h).
0
Let p be (10/(-8))/((-1)/(-4)). Let b(g) be the first derivative of -g**4/12 - g**3/2 + g**2/2 - 2. Let t(a) be the second derivative of b(a). Calculate t(p).
7
Let t(h) = -h**3 + h - 5*h**2 + 4 - 2*h**3 + 4*h**3. Suppose -2*z - 224 = 2*z. Let f be (-2)/3 - z/12. Calculate t(f).
-8
Suppose -4*t - 4*p + 6 = 18, -t + 27 = -5*p. Suppose 4*f - 2*c - 12 = -t, -1 = -c. Let s(z) = -2*z**2 + 3*z + 1. Determine s(f).
-8
Let q(d) = -14*d**3 + 5*d**2 + 5*d - 6. Let m(j) = -13*j**3 + 4*j**2 + 4*j - 5. Let u(c) = 5*m(c) - 4*q(c). Let p = 5 - 6. Calculate u(p).
8
Suppose 4 = -3*c - c. Suppose 2*k = -2*k + 40. Let u be ((-4)/k)/(c/10). Let q(w) = -2*w + 1. Give q(u).
-7
Let t(k) be the second derivative of k**5/20 - k**4/12 + 3*k**2/2 + k. Let u be 8 + -5 + -3*1. Determine t(u).
3
Let r(q) = q**2 + 8*q + 6. Let y(c) = 2*c**2 + 16*c + 13. Let m(d) = -9*r(d) + 4*y(d). Calculate m(-8).
-2
Let r be (-8)/(-16)*6/(-1). Let l(h) = -h**3 - 4*h**2 - h + 2. Let u be l(r). Let b(x) = x**2 + 4*x - 5. What is b(u)?
-5
Let t(c) = 6*c**3. Let o = -27 + 26. Determine t(o).
-6
Let y(r) = -4*r - 4. Let x(s) be the first derivative of 1/2*s**2 - 9*s - 1. Let h be x(6). Give y(h).
8
Let p = -2 - -3. Let v(i) = 4*i. Determine v(p).
4
Let w(o) be the third derivative of o**4/4 + o**3/3 - 2*o**2. Suppose -2*c + 3*k + 0*k = -2, 0 = 3*c + k + 8. Give w(c).
-10
Let g(q) = 8*q - 1. Suppose -3*d + 8 = 2*x, 4*x - 5*x + d - 6 = 0. Give g(x).
-17
Suppose 0 = v - 2*g + 2, 2*v - 2*g + 6*g - 12 = 0. Let q(l) = -6*l**2 + 2*l + 3. Let w(y) = -13*y**2 + 4*y + 7. Let r(n) = -9*q(n) + 4*w(n). Calculate r(v).
5
Suppose -33 = 2*h - 25. Let c(z) = z**2 + z + 5. Determine c(h).
17
Let s(p) = 3*p + 4. Let c(m) = 4*m + 8. Let o(y) = 3*c(y) - 5*s(y). What is o(-3)?
13
Let x(j) = -j**3 - 8*j**2 - 10*j + 15. Let v be x(-6). Let s(c) be the first derivative of c**3/3 - 3*c**2/2 - c + 2. Calculate s(v).
-1
Suppose 5*f = -4*p - 1 + 23, -2*p + 16 = 5*f. Let o(q) = -8*q**2 + q**p + 3*q + 4*q - 4 + 0*q. Determine o(7).
-4
Let u(w) = -3 + 5*w + 1437*w**2 - 3 - 1438*w**2. Calculate u(7).
-20
Let n(h) = -h**2 - 6*h + 5. Let b(m) = m - 1. Let q be b(-4). Let x(v) = -2 - v + 5 - 2 + 0. Let g(r) = q*x(r) + n(r). Give g(0).
0
Let l(f) = 11*f**2 + 11*f - 8. Let x(u) = -5*u**2 - 5*u + 4. Let k(n) = -6*l(n) - 13*x(n). Calculate k(0).
-4
Let u(v) = 6*v - 1. Let b = -7 - -8. What is u(b)?
5
Suppose 7 = -y + 3*m, 6*y - 2*y - 2*m - 2 = 0. Let w(i) = 2*i + 0*i**3 + i**3 - i**2 + 0*i**2. Calculate w(y).
8
Let v(q) = q**3 - 5*q**2 + 7*q - 5. Let u = 16 + -12. What is v(u)?
7
Let a(i) = 2*i**2 + 3*i - 2. Let g(u) = -u**3 + u**2 - u + 1. Let m(o) = -a(o) - 2*g(o). Calculate m(3).
15
Let r(j) = -7*j - 31. Let u(c) = 3*c + 15. Let b(s) = 4*r(s) + 9*u(s). What is b(5)?
6
Let w = -17 - -1. Let j = w - -11. Let z(u) = -u**2 - 3*u. Calculate z(j).
-10
Let p(b) = -b**2 - 7*b + 11. Suppose 6*w = -0*w - 54. What is p(w)?
-7
Let s(f) = 4*f + f**2 + 7 + f + 2*f. Let h be (-2)/(-4)*(-14 - -4). Determine s(h).
-3
Let y = -331 + 328. Let j(i) = 15*i**3 + 19*i**2 + 19*i - 11. Let v(z) = -7*z**3 - 9*z**2 - 9*z + 5. Let t(m) = 6*j(m) + 13*v(m). Calculate t(y).
8
Let j(h) = -4 + 2 - 2*h + h. Suppose 4*k - 38 = -i + 4*i, 3*i + 3*k = -3. What is j(i)?
4
Let m(d) = 8*d - 19. Let h(z) = -7*z + 18. Let g(j) = 7*h(j) + 6*m(j). What is g(8)?
4
Let w = 6 + -3. Let g be 0/(1 + 4 - w). Let p(r) = -r + 3. Determine p(g).
3
Let a(z) = 0 + 0 + 1 - 4*z. Suppose 2 = j - 0. Suppose 4 - j = 2*g. Give a(g).
-3
Let l be 1 + (1 + -1)*1. Let k(b) = b - 25 - 3*b**2 + 38 - 14. What is k(l)?
-3
Let n(l) be the first derivative of 0*l + 1/2*l**3 + 3 + 1/24*l**4 + 1/2*l**2. Let d(f) be the second derivative of n(f). What is d(-3)?
0
Let q(n) be the first derivative of 3 - 2 - 5*n + n - n**2 + 0*n. Suppose -5*d - 33 = -13. Calculate q(d).
4
Let r be ((-2)/4)/(7/(-84)). Let t(k) = -19 + 44 - r*k - 24. Determine t(-1).
7
Let a = 3 - -2. Let b(w) = -w + 1. Let z(g) = 3*g - 2. Let j(i) = a*b(i) + 2*z(i). Determine j(-6).
-5
Let f = -8 + 6. Let y(t) be the second derivative of -1/4*t**4 - t**2 - 1/20*t**5 + 0 - 2/3*t**3 - t. Give y(f).
2
Let p(d) = 2*d + 6*d + 6*d**2 + d**3 - 2*d + 1. Let n(w) be the second derivative of -w**4/12 - 5*w**2/2 + 3*w. Let a be n(0). Determine p(a).
-4
Let k(x) = 13 - 21 + 8 + 11*x**2. Give k(1).
11
Let i(d) be the second derivative of d**5/60 + d**4/4 + 5*d**3/6 + 4*d**2 - 8*d. Let y(w) be the first derivative of i(w). Give y(-6).
5
Let r(p) = p**2 - 8*p + 8. Let i be r(8). Suppose i*x + 3 = 11*x. Let m(g) be the first derivative of -g**2/2 + 2*g - 1. What is m(x)?
1
Suppose -3 + 5 = 2*k. Let b(w) be the third derivative of 0*w**3 - 1/60*w**5 + 6*w**2 + 1/24*w**6 + 0 + 1/24*w**4 + 0*w. Calculate b(k).
5
Let k(m) = 7*m**3 + 21*m**2 - 2*m - 4. Let h(x) = -4*x**3 - 11*x**2 + x + 2. Let d(t) = 11*h(t) + 6*k(t). Give d(3).
-14
Let x(g) be the third derivative of g**6/120 - g**5/30 + 2*g**2. Let z(d) = -d**3 + 2 - 5*d - 2*d + 4*d**2 + 4*d**2. Let u be z(7). Calculate x(u).
0
Let x(f) = 2*f**3 - f**2 + 3*f**2 - 3*f**3 + f. Let j be (-12)/20 + (-9)/(-15). Suppose j = 4*u - 4, d + 0*u - u = -2. Give x(d).
2
Let d be ((1/((-2)/(-8)))/(-1))/2. Let v(x) = x**2 + 2*x + 2. Give v(d).
2
Suppose 2*w - 2*q + 4 = -3*q, -4*w + 3*q = 28. Let z = -3 - w. Let o be -4 - ((0 - 0) + z). Let h(u) = -u**3 - 4*u**2 + 6*u + 6. What is h(o)?
1
Suppose -4*s - 4*l = 12, 2*l + 3*l = 2*s - 29. Suppose -s*j = -5*t - 5*j - 11, 5 = 5*t - 5*j. Let x be -3 - t - -1 - 0. Let h(w) = 5*w. Calculate h(x).
-5
Let l = 202 - 208. Let f(q) = -q**2 - 5 + 6*q**2 - 7*q + 0*q**3 + q**3. What is f(l)?
1
Let o(w) = -9*w**2 - 4*w - 3. Let s(y) = 3*y**2 + y + 1. Let g(t) = -2*o(t) - 7*s(t). Give g(2).
-11
Suppose -2*d + 6*d - 8 = 0. Let x(b) = b**3 + 2 - 2*b + b**d + b**2 + b. Calculate x(-3).
-4
Let k = 56 + -51. Let w(p) = -p**2 + 5*p + 3. What is w(k)?
3
Let u(v) be the second derivative of -v**4/12 - 4*v**3/3 - 5*v**2 + 11*v. Determine u(-7).
-3
Let m(i) = i**2 - 2. Let b(v) = -v**3 - 4*v**2 + 3*v + 1. Let g be b(-5). Let d = g - 14.